+ 7*z**6/360 - 7*z**5/120 + 7*z**4/24 - z**3/3 + z. Let f(t) be the second derivative of s(t). Calculate f(6).
1
Suppose -6 = 4*v + 2. Suppose c + 1 + 4 = -h, -5*h + 5 = -5*c. Let q be h/3*3/v. Let r(m) = -2*m. Calculate r(q).
-2
Let h(w) be the second derivative of w**3/3 - 9*w**2 + 4*w. Let p be h(8). Let o(t) = 3*t - 2. Determine o(p).
-8
Let w(t) = t**2 - 2. Let m(h) = h + 9. Let s(g) = g + 9. Let i(n) = 2*m(n) - 3*s(n). Let f be i(-6). Calculate w(f).
7
Let s(f) be the first derivative of f**3 - 8*f**2 - 9*f - 2. Let m(c) = -c**2 + 5*c + 3. Let n(h) = -7*m(h) - 2*s(h). Calculate n(-2).
7
Let f(w) = 10 + 2*w**3 - 5 - 7 - 3*w**2 - 4*w + 7*w. Let r(h) = -h**2 + 4*h - 1. Let s be r(3). Give f(s).
8
Suppose -4*c = -9 - 3. Let j(d) = 5 - d + 2*d + 0*d - c. Let o(n) = 5*n + 1. Let w be o(-1). Determine j(w).
-2
Let u(r) = -2*r + 22. Let t be u(10). Let a(f) be the first derivative of f**3 - f**2/2 + 1. Determine a(t).
10
Let h(j) be the first derivative of -2 - 1/24*j**4 + 0*j - 7/120*j**5 + 0*j**2 + j**3. Let o(a) be the third derivative of h(a). Calculate o(-1).
6
Let k = 16 + -19. Let z(m) = -m**3 + m**2 + m - 1. Let t(c) = 2*c**3 - 5*c**2 - 5*c + 2. Let w(r) = k*z(r) - t(r). Give w(-2).
-3
Let d(b) = -b**2 + 11*b + 9. Let n be d(12). Let o(g) = -g**3 + 5*g**2 + 4. Let v(m) = 2*m**3 - 6*m**2 + m - 4. Let l(y) = -3*o(y) - 2*v(y). Calculate l(n).
2
Let d(v) be the second derivative of -v**7/2520 - v**6/180 + v**5/24 + v**4/12 + v. Let i(j) be the third derivative of d(j). Give i(-4).
5
Let y(k) be the second derivative of 0*k**3 - 1/12*k**4 + 1/2*k**2 + 2*k + 0. Let l be 4/(-10) + 34/10. What is y(l)?
-8
Let t(j) = j**3 - 2*j**2 - 3*j. Let a be t(3). Let p(s) = 0*s + s - 5 + a*s. Determine p(6).
1
Let b be (2 - -1) + (-5 - -3). Let m(i) = 3*i**3 - 2*i**2 + 2*i - 1. Let f be m(b). Let u(k) = 6*k**2 - k**f + 2 + 2 - 4*k**2 - 5*k. Give u(3).
-2
Suppose 0 = 9*g - 35 - 1. Let s(w) = -w + 3. What is s(g)?
-1
Let h(b) be the second derivative of b**3/6 + 3*b**2/2 + b + 25. Determine h(6).
9
Suppose -20 = 5*u - 55. Suppose -4*q + 0 = -x - u, 0 = 5*x - 3*q + 18. Let g(w) = w**2 + 6*w + 2. Calculate g(x).
-7
Let m = 2 - 2. Suppose l + 3*l + 16 = m. Let t(n) = 12*n**2 + n. Let g(s) = -11*s**2 - s. Let u(p) = l*t(p) - 5*g(p). Give u(1).
8
Let n(i) be the second derivative of i**5/20 + i**4/6 - 2*i**3/3 - i**2/2 - 5*i. What is n(-3)?
2
Let s(w) = -w**2 - 4*w + 3. Let h(u) = -2*u**2 - 5*u + 4. Let r(p) = -5*h(p) + 6*s(p). Calculate r(-2).
12
Let o = -1 - -3. Let y(a) be the third derivative of a**5/15 - a**4/8 + 42*a**2. Calculate y(o).
10
Let r(h) = -h + 7. Let j be r(2). Let a(b) = -7*b**3 + 10*b**2 - 2*b + 7. Let c(d) = -3*d**3 + 5*d**2 - d + 4. Let n(k) = 2*a(k) - 5*c(k). Determine n(j).
-1
Let r(v) = -v**2 - v + 2. Let s be 16/(-10) - (-2)/(-5). Let u = s - -6. Let c be 3/2 + 2/u. Give r(c).
-4
Let u(n) = n**2 - 25*n - 18. Let h be u(26). Let f(k) = k**2 - 9*k + 7. What is f(h)?
-1
Let u(q) = 0*q**2 + 4*q**2 - 2*q**3 - 3*q + 0*q**2 + 0*q**3. What is u(2)?
-6
Suppose 0*s + 2*s - 2 = 5*w, -2*w = -s + 2. Let y(m) = m**2 - 6*m + 3. Determine y(s).
3
Let t(a) = -3*a**2 - a + 3. Let w be t(-2). Let o(z) = -z**2 - 9*z - 9. Determine o(w).
5
Let w(l) be the second derivative of -l**3/6 + l. Let u(p) be the first derivative of -2*p**2 + 2. Let q(h) = u(h) - 3*w(h). Calculate q(-3).
3
Let l(i) = 2*i - 5 + 2 + 1. Suppose 10*t - 2 = -22. What is l(t)?
-6
Let r = 0 - -9. Let c = -3 + r. Suppose 0*f - 2*f = -c. Let v(o) = o**2 - 2*o - 4. Determine v(f).
-1
Let q(p) = -p - 5. Let d be q(-6). Suppose -3*y - 3*h + 2*h = d, -4*h + 30 = -5*y. Let c(v) = -v**2 + 6 - 6 - v. Determine c(y).
-2
Let g(l) = -3*l**2 - 5*l + 6. Let p(t) = 7*t**2 + 9*t - 13. Let m(s) = -5*g(s) - 2*p(s). Let z be m(-8). Let a(w) = z + w + 3 - 6. What is a(-4)?
-3
Let f(k) = 2*k**2 + 2*k - 1. Let h(j) = j - 14. Suppose -2*g = -5*i + 90, -g = -4*i + 38 + 31. Let t be h(i). Give f(t).
11
Let i(t) be the second derivative of -t**4/12 + t**3/3 - 3*t**2/2 - 10*t. Let h(v) be the first derivative of i(v). What is h(6)?
-10
Let c = 1 + -1. Let f = -14 + 17. Let z(d) = 0*d**2 + d + d**2 + 0*d - 6*d**f + 7*d**3 + 9. Calculate z(c).
9
Let q(l) be the second derivative of 2/3*l**3 - 1/12*l**4 + 3*l - 3/2*l**2 + 0. Suppose -y = -2*y + 5. Determine q(y).
-8
Let o(l) = -8*l**2 + 1. Let p(t) = -t**3 + 4*t**2 - 2*t - 4. Let g be p(3). Give o(g).
-7
Let w(f) = f - 5. Let p(g) = -g**3 + g**2 - 2. Let r be p(2). Let s be 3/r*(3 + -13). Calculate w(s).
0
Let t(q) = q**2 - 6*q + 5. Suppose h + 2*h - 6 = 0, -2*x - 4*h + 18 = 0. Determine t(x).
0
Suppose 3 = -4*k + 11. Let z(d) = -d**2 - 2. Determine z(k).
-6
Let v be ((-8)/20)/(8/(-10)). Let q(z) be the first derivative of 7*z - 2 - v*z**2. Calculate q(5).
2
Let i be 2/(-3) - (-33)/9. Let w(l) = 1 + l**2 - 5*l**2 - 6*l + i*l**2. Let m(r) = -2*r**2 - 2*r - 1. Let b be m(-2). Determine w(b).
6
Let b be (2 - 4 - -1)*-3. Let c(t) = -5 + b + t**2 + 3. Suppose 0 = -2*d + 6*d - 8. Give c(d).
5
Suppose -2*m - 9 = v, -m + 2 - 3 = 4*v. Let a(i) be the first derivative of v + 0*i**2 + 2*i**2 + i + 0*i. Determine a(-1).
-3
Let c be ((-30)/40)/((-2)/(-16)). Let q(d) = -d**3 - 7*d**2 - 6*d + 1. What is q(c)?
1
Let u(g) = 3*g**2 - g + 8. Let w = -5 + 9. Let h(y) = -8*y**2 + 3*y - 23. Let l(i) = w*h(i) + 11*u(i). Calculate l(3).
8
Let w(h) = 2*h**3 - 3*h**2 + 3*h - 1. Let y(m) = 5*m**3 - 9*m**2 + 8*m - 4. Let c(l) = 8*w(l) - 3*y(l). Calculate c(-3).
4
Let v(i) be the first derivative of i**2/2 - 14*i - 9. Determine v(8).
-6
Let f(i) = -2*i - 14. Let v(m) = -m - 7. Let c(b) = 3*f(b) - 7*v(b). Let j be (2 + 14/(-4))*2. Give c(j).
4
Let h(w) be the first derivative of w**4/4 - 2*w**3/3 - 3*w**2/2 + w + 17. Determine h(3).
1
Let f(y) = y**3 + 6*y**2 + 6*y + 7. Suppose -4*b + 35 = n - 0*n, 0 = -3*b - n + 25. Suppose 0 = 5*s + b. Let c be (s - (-2 + 1))*5. Calculate f(c).
2
Let a(x) be the second derivative of -x**4/12 + 5*x**3/6 - 5*x**2/2 + 36*x + 2. What is a(5)?
-5
Let q(c) = c - 1. Let w(b) = -2*b + 2. Let t(l) = 5*q(l) + 2*w(l). Calculate t(-2).
-3
Let g(m) = m**2 - 4*m - 4. Suppose -2*i = 3*s - 6, -2*i - s + 4 = -i. Determine g(i).
8
Let z(l) be the third derivative of -1/30*l**5 + 1/3*l**3 + 0*l + 0 + 5/24*l**4 + 6*l**2. What is z(4)?
-10
Let h(x) = -x**2 + 3*x**2 - 3*x + 5 - 5 + 1. Determine h(2).
3
Let j = 14 + -10. Let r(a) = a - 5. Calculate r(j).
-1
Let w(z) = -4*z**2 + 4*z + 3. Let m(i) = -5*i**2 + 4*i + 3. Let s(n) = -3*m(n) + 4*w(n). Give s(5).
-2
Let f(s) be the third derivative of -s**7/360 + s**5/120 - s**4/24 - s**2. Let m(q) be the second derivative of f(q). Give m(1).
-6
Suppose 0 = -2*w - 0*w - 6. Let k(y) be the second derivative of y**5/20 + y**4/3 - y**3/3 - 2*y**2 - 104*y - 3. What is k(w)?
11
Let u(q) = -q**2 + q - 1. Let h(m) = -2*m + 3. Let t be h(1). Give u(t).
-1
Let r(u) = 2*u - 7. Suppose g - 10 = -g. Suppose -g*j = -j - 20. What is r(j)?
3
Let s(f) = f**3 - 2*f + 1. Let r = 4 - 7. Let u be (2/r)/(6/9). Let o(x) = x**2 - x + 1. Let p(j) = u*o(j) + s(j). Give p(2).
2
Let n(t) = -341*t**2 - 121*t. Let s(j) = -17*j**2 - 6*j. Let b(q) = -6*n(q) + 121*s(q). Calculate b(-1).
-11
Let n be 9/(-6)*(-2 + 0). Suppose -4*o - 30 + 11 = k, 4*k = -n*o - 24. Let g(m) = -m**2 - 6*m - 3. Let u be g(o). Let r(t) = -t - 1. Give r(u).
-6
Let c = 19/6 - 3. Let z(f) be the second derivative of 5/2*f**2 - c*f**3 + 1/20*f**5 + 1/4*f**4 + 0 - 3*f. Calculate z(-4).
-7
Let w = 4 + -6. Let m be (2 + -1)/((-1)/w). Let g(r) = m + 0*r**3 - r**3 - 1 - r**2. Give g(0).
1
Let c(u) = -u**2 - 9*u - 15. Let l be c(-7). Let m(y) = 3*y**2 - y. Determine m(l).
4
Let b(f) = 3*f**3 - 4*f**2 + 4*f + 3. Let a(c) = -4*c**3 + 3*c**2 - 3*c - 2. Let n(s) = -4*a(s) - 3*b(s). What is n(1)?
6
Let p(o) = o**2 + 2*o - 2. Let h be p(-4). Let a(s) be the first derivative of -2*s**2 - 8*s + 13 + 1/3*s**3. What is a(h)?
4
Let o(l) be the third derivative of l**8/5040 + l**6/720 + l**5/15 - 3*l**2. Let v(y) be the third derivative of o(y). Determine v(-1).
5
Let o be (-2 + 2)/((-4)/2). Suppose o = 5*k - 0*k. Let s(m) = k - 2*m**2 + 3*m - 5*m + 1. What is s(1)?
-3
Let k(n) be the third derivative of n**5/60 - n**4/3 + n**3/2 + 3*n**2. What is k(6)?
-9
Let a(o) = -4*o. Let z(u) = u**3 + 10*u**2 - 12*u - 1. Let m b